 is divided by 17?
16
What is the remainder when (-875)/(-15) + 4/(-12) is divided by 15?
13
Let n = -13 - -25. Calculate the remainder when 2/(-3) - (-46)/6 is divided by (n*1)/3*1.
3
Let d(u) = -2*u**3 + 8*u + 4. Let a(f) = 7*f. What is the remainder when a(1) is divided by d(-2)?
3
Suppose 75 = -0*h + 3*h. Suppose 0 = -b + 3*k - 2 + 11, h = b + 5*k. Calculate the remainder when 29 is divided by b.
14
Let t = -3 - -6. Suppose -t*s = -5*s. Suppose s*n - 3*n = -81. Calculate the remainder when n is divided by 14.
13
Suppose g - 3*g - 6 = 0, -3*g + 22 = k. Calculate the remainder when k is divided by 11.
9
Let u(a) = 3*a + 22. Let i(c) = 2*c**2 + 5*c - 2. Let l be i(-5). Suppose 3 = -5*j + l. What is the remainder when u(-4) is divided by j?
2
Let d(v) = -v**3 - 4*v**2 - 4*v + 1. Let w be d(-3). Suppose -3*z - 9 = -w*z - 2*x, 28 = 2*z + 2*x. Calculate the remainder when 36 is divided by z.
17
Let p(b) = b - 1. Let o be p(1). Let t = 9 - o. What is the remainder when -1 + 28 + (-1)/1 is divided by t?
8
Calculate the remainder when 53 is divided by 4/3*3*4.
5
Let k(d) = d**3 + 34. Let y be k(0). Suppose t - 3*v + 8 = 0, 0*t - y = -2*t - 4*v. Calculate the remainder when 18 is divided by t.
4
Calculate the remainder when (1 + 130/(-1))*(-54)/81 is divided by 15.
11
Suppose 3*q + 225 = -30. Let p = -42 - q. Calculate the remainder when p is divided by (30/4)/((-2)/(-4)).
13
Calculate the remainder when (3/(-12))/(10/(-280)) is divided by 6.
1
Let t be (0/2)/3 + 3. Let b(d) = -d**3 - d + 4*d**2 + t*d**2 + 4 - 7*d. Calculate the remainder when 41 is divided by b(5).
13
What is the remainder when (4/6)/(34/5457) is divided by 27?
26
Suppose -i + 5*i = -4. Let x = 27 + i. Calculate the remainder when x is divided by 7.
5
Let f be (-15)/6*2 - -2. Let c = f - -4. Calculate the remainder when 8 is divided by (c - 2 - 0)*-5.
3
Suppose 5*o = 1 + 14, -o = 2*n - 31. Suppose -5*k = -n - 11. Suppose -6 = -3*q - 0*q. Calculate the remainder when k is divided by q.
1
Let l(w) = w**3 + 9*w**2 - 12*w - 8. Calculate the remainder when 33 is divided by l(-10).
9
Suppose -5*p + 10*p = 15. Suppose 5*s - j = 13, 5*s - p*j - 5 = 2*j. Calculate the remainder when 1/((-1)/(-16)*2) is divided by s.
2
Suppose 2*b = 4*z - 3*b - 45, 0 = -4*z + 4*b + 40. Suppose m - 27 = -5*f, z*f - 2 - 21 = m. What is the remainder when m is divided by 2?
0
Let m = 7 - 4. Suppose -7 = -m*u + 5*g, u + 1 = 6*g - g. Calculate the remainder when (-2)/(u - 2) + 48 is divided by 16.
15
Let x be (-62)/(-14) - (-18)/(-42). Let z = 26 - x. Let n(m) = -5*m - 2. Calculate the remainder when z is divided by n(-2).
6
Let s = 11 + -25. Let a = s - -45. What is the remainder when a is divided by 1 - ((0 - (5 + -2)) + -12)?
15
Let y(l) = -6*l - 1. Let m be y(-1). Let w = m + 1. Calculate the remainder when w is divided by 3.
0
Let p = 211 - 177. Calculate the remainder when p is divided by 24.
10
Suppose 3 = 3*k - 3. Suppose 4*r + 3*a + 4 = 16, -2*r = 5*a - 6. Calculate the remainder when r is divided by k.
1
Suppose 0 = 2*c - 3*c. Suppose c*a = -3*a. Suppose a*x + 45 = x. What is the remainder when x is divided by 12?
9
Suppose 4*d + 5*u = 26, -2*d - d + 5*u = -37. Calculate the remainder when 14 is divided by d.
5
Let t(j) = 5*j + 4. Suppose 0 = 7*d - 3*d - 36. Let l = 24 - d. Calculate the remainder when t(8) is divided by l.
14
Let n be (3/2)/((-1)/(-2)). Suppose n*f - 10 = f. What is the remainder when f is divided by 4?
1
Let g be (8/(-6))/((-3)/162). Suppose g = 6*c - 2*c. Calculate the remainder when 35 is divided by c.
17
Suppose -7*k = 3*x - 2*k + 9, -3*k = x + 7. Suppose 0*d - 28 = -x*d. Suppose u + 5*y = 32, -2*u - 2*y = -0*y - 56. What is the remainder when u is divided by d?
13
Let w = 105 + -70. Calculate the remainder when w is divided by 5.
0
Let o(a) = a**3 + 20*a**2 + 16*a - 18. Calculate the remainder when o(-19) is divided by 15.
9
Let b = -41 - -102. What is the remainder when b is divided by 32?
29
Let y = 20 - 4. Suppose 3*b - y = 2*b. Let r = 40 - 10. What is the remainder when r is divided by b?
14
Let p be (-1)/(-2) + 3/(-2). Suppose 10 = -2*l - 2*n, -3*n + 7*n = -2*l - 20. Calculate the remainder when p + 2 + (l - -1) is divided by 2.
0
What is the remainder when 13 is divided by (2 + -4)/((-4)/14)?
6
Let x(w) = 2*w**3 + w**2 - 7*w + 3. Calculate the remainder when 25 is divided by x(2).
7
Suppose -5*n + n = -2*r - 110, 0 = -3*n - 3*r + 78. Calculate the remainder when n is divided by 7.
6
Let q(x) = 2*x**3 - x**2 + x + 1. Let b be q(-1). Let c be 1*-3 - (10 + 0). Let p = b - c. What is the remainder when 19 is divided by p?
9
Let j = 29 - 21. Suppose 0 = -r + j + 2. Let n = -63 - -102. What is the remainder when n is divided by r?
9
Let l = 31 - -56. Calculate the remainder when l is divided by 23.
18
Suppose -g = 2*g + 18. Let b = g + 24. What is the remainder when 51 is divided by b?
15
Let c be 107 + (-1 - 0) + 4. Suppose 31 = 5*v + y - 71, 5*y = -5*v + c. Calculate the remainder when v is divided by (0 + (-7)/(-3))*3.
6
Let k(v) = -17*v**3 - 2*v**2 + 1. Let t be (-27)/(-12)*(-16)/(-6). Calculate the remainder when (t/15)/(2/230) is divided by k(-1).
14
Suppose 4*f - c = 7, -f + 5*c = -4*f + 11. Suppose 0 = l - f*k - 3*k - 9, -36 = -4*l + 3*k. What is the remainder when 26 is divided by l?
8
What is the remainder when 3 - 15/(-5) - -123 is divided by 44?
41
Let w = 12 - 7. Let o(k) = 2*k**3 - 4*k**2 + 4*k - 3. Let r be o(3). Let n = 46 - r. What is the remainder when n is divided by w?
4
Suppose -7*g + 2*g + 60 = 0. Let a be (6/(-9) - 0)*72. Let h = a - -71. Calculate the remainder when h is divided by g.
11
Let b(v) = 6*v + 2. Calculate the remainder when b(4) is divided by 9.
8
Let d = 5 - 3. Let y be (-9)/(1 + d) + 1. Calculate the remainder when 27 is divided by y/8 - 114/(-8).
13
Let h = 171 - 14. What is the remainder when h is divided by 54?
49
Let n(b) = b**3 + 4*b**2 - 3*b - 3. Let s = -31 + 75. Calculate the remainder when s is divided by n(-3).
14
Let t(z) = -z + 4. Calculate the remainder when 15 is divided by t(-4).
7
Suppose 0 = 3*b + 5*w - 122 - 33, 2*w = 2*b - 82. Calculate the remainder when b is divided by 12.
9
Let n(d) = 4*d**2 - d**3 - d**2 - 2*d + 3*d**2. Let m = 40 + -27. Calculate the remainder when n(4) is divided by m.
11
Let s(y) be the third derivative of -y**4/24 + y**3/6 + 2*y**2. Let r be s(2). Let i = 7 - r. Calculate the remainder when 14 is divided by i.
6
Let z(n) = n**3 - 7*n**2 + 7*n - 3. Let w be z(5). What is the remainder when (138/4)/(w/(-24)) is divided by 16?
14
Let z(f) = f + 12*f**3 - 2*f**3 + 11*f**3. Suppose -2*u - 8 = -3*u + 5*j, -2*u = -5*j - 16. Calculate the remainder when z(1) is divided by u.
6
Let t(c) be the second derivative of -c**3/3 - 9*c**2 + 4*c. What is the remainder when 29 is divided by t(-14)?
9
Suppose -8*q + 186 = -702. Calculate the remainder when q is divided by 28.
27
Let t(o) = o**3 + 12*o**2 + 14*o - 5. Let u be t(-10). Suppose -u = 4*r - 203. Calculate the remainder when r is divided by 10.
7
Let p(d) = 6*d**2 - 5*d**2 - 1 - 9*d + 5. What is the remainder when p(10) is divided by 8?
6
Suppose -4*f + 4*v + 16 = 0, 3*f = f - 2*v + 4. Calculate the remainder when f is divided by 2.
1
Let p(v) = -v**3 + 14*v**2 + v - 3. What is the remainder when 20 is divided by p(14)?
9
Let g = 41 - 29. Suppose -4*p = -10*p + 42. What is the remainder when g is divided by p?
5
Let o(t) = 23*t**2 + 3*t + 7. Let g(x) = -11*x**2 - x - 3. Let u(r) = -5*g(r) - 2*o(r). What is the remainder when u(2) is divided by 12?
11
Suppose -20 = 3*y - 7*y, 4*l - y - 7 = 0. Suppose 0*t = l*t - 24. Suppose -t*i + 20 = -3*i. Calculate the remainder when 6 is divided by i.
2
Let w = 5 - -2. Suppose 0*i - 2*i = -f + 20, 0 = 3*f - 4*i - 52. Calculate the remainder when f is divided by w.
5
Suppose -4 = -2*g, k + 2*k + g = 11. Suppose -k*t - 14 = -4*t. Calculate the remainder when 40 is divided by t.
12
Let g = -180 - -262. Suppose -7 = 5*x - g. Let z = -4 + x. What is the remainder when z is divided by 6?
5
Let a(o) = 16*o**2 - 4 + 4. Let h be ((-2)/(-3))/((-6)/9). Calculate the remainder when 47 is divided by a(h).
15
Suppose 0 = -4*f - 77 + 277. What is the remainder when f is divided by 27?
23
Let d(j) = -j**2 + 3*j + 3. Let t be d(3). Sup